{"id":31,"date":"2014-01-23T16:34:34","date_gmt":"2014-01-23T16:34:34","guid":{"rendered":"http:\/\/wuffings.co.uk\/?page_id=31"},"modified":"2025-07-29T13:54:26","modified_gmt":"2025-07-29T13:54:26","slug":"my-publications","status":"publish","type":"page","link":"https:\/\/wuffings.co.uk\/index.php\/about-me\/my-publications\/","title":{"rendered":"My Publications"},"content":{"rendered":"<h3 style=\"text-align: center;\">My Publications<\/h3>\n<ol>\n<li>\u00a0&#8220;The Seventh-Century Royal House of East Anglia: A Genealogy&#8221;, <em>Saxon<\/em>, 10 (1989), pp.6-7.<\/li>\n<li>&#8220;<em>Beowulf<\/em> and the East Anglian Royal Pedigree&#8221;, <em>The Age of Sutton Hoo<\/em>, ed. M.O.H.Carver (Boydell, Woodbridge, 1992), pp.65-74.<\/li>\n<li><em>The Origins of Beowulf and the pre-Viking Kingdom of East Anglia<\/em> (Brewer, Cambridge, 1993, 1994, 1999) &#8211; see my book-section for reviews.<\/li>\n<li>&#8220;The Sutton Hoo Society Trip to Northern Suffolk&#8221;, <em>Saxon<\/em>, 19 (1993), pp.6-7.<\/li>\n<li>&#8220;Sutton Hoo and <em>Beowulf<\/em>&#8220;, <em>Saxon<\/em>, 21 (1994), pp.1-3.<\/li>\n<li>&#8220;The Sutton Hoo Society Visit to East Anglia&#8217;s South-Western Approaches&#8221;, <em>Saxon<\/em>, 21 (1994), p.5.<\/li>\n<li>&#8220;<em>Wes \u00fe\u00fa, \u00c9adwin, h\u00e1l<\/em>! (An Old English Salute to Edwin Gifford)&#8221;, <em>Saxon<\/em>, 21 (1994), pp.4-5.<\/li>\n<li>&#8220;The Sutton Hoo Society Visit to Norfolk&#8221;, <em>Saxon<\/em>, 23 (1995), pp.6-7.<\/li>\n<li>&#8220;The 1996 Sutton Hoo Society Visit to Thetford, Ely, and Bury St Edmunds&#8221;, <em>Saxon<\/em>, 25 (1997), pp.5-6.<\/li>\n<li>&#8220;The Sutton Hoo Society Outing to Sutton Hoo and related sites in S.E.Suffolk&#8221;, <em>Saxon<\/em>, 27 (1997), pp.6-7.<\/li>\n<li>&#8220;King Arthur: a military history (Review Article)&#8221; <em>Newsletter of the Suffolk Institute of Archaeology &amp; History<\/em>, 48 (1999), p.12.<\/li>\n<li>&#8220;AD 999&#8221; (with Paul Sieveking), <em>Fortean Times<\/em>, 129 (Dec. 1999), pp.40-44.<\/li>\n<li>&#8220;An Autumn Excursion to the Kingdom of the East Saxons&#8221;, <em>Saxon<\/em>, 31 (1999), pp.2-3.<\/li>\n<li>&#8220;In Defence of the Wuffings: A Review of Martin Carver&#8217;s Sutton Hoo: Burial Ground of Kings?&#8221; <em>Newsletter of the Suffolk Institute of Archaeology &amp; History<\/em>, 50 (2000), pp.10-11.<\/li>\n<li><em>The Reckoning of King R\u00e6dwald: the Story of the King linked to the Sutton Hoo Ship-Burial<\/em> (Redbird 2003).<\/li>\n<li>&#8220;The Battle of Newmouth and the Lost Viking History of Sudbourne. with a postscript on the place-name Orford&#8221;, <em>Proceedings of the Suffolk Institute of Archaeology &amp; History<\/em>, 42 (2011), pp.292-299.<\/li>\n<li>&#8220;Sutton Hoo: Burial Ground of Dissidents?&#8221;, <em>Saxon<\/em>, 62\u00a0(2016), pp.7-8.<\/li>\n<li>\u201cThe Forgotten History of St B\u00f3twulf (Botolph)\u201d, <em><em>Proceedings of the Suffolk Institute of Archaeology and History<\/em><\/em>, 43 (2016), pp. 521-50, or online at <a title=\"https:\/\/independent.academia.edu\/SamNewton\" href=\"https:\/\/independent.academia.edu\/SamNewton\" target=\"_blank\" rel=\"nofollow noopener noreferrer ugc\" data-airgap-id=\"138\">https:\/\/independent.academia.edu\/SamNewton<\/a> .<\/li>\n<\/ol>\n","protected":false},"excerpt":{"rendered":"<p>My Publications \u00a0&#8220;The Seventh-Century Royal House of East Anglia: A Genealogy&#8221;, Saxon, 10 (1989), pp.6-7. &#8220;Beowulf and the East Anglian Royal Pedigree&#8221;, The Age of Sutton Hoo, ed. M.O.H.Carver (Boydell, Woodbridge, 1992), pp.65-74. The Origins of Beowulf and the pre-Viking <span class=\"excerpt-dots\">&hellip;<\/span> <a class=\"more-link\" href=\"https:\/\/wuffings.co.uk\/index.php\/about-me\/my-publications\/\"><span class=\"more-msg\">Continue reading &rarr;<\/span><\/a><\/p>\n","protected":false},"author":1,"featured_media":0,"parent":21,"menu_order":0,"comment_status":"closed","ping_status":"closed","template":"","meta":{"footnotes":""},"class_list":["post-31","page","type-page","status-publish","hentry"],"_links":{"self":[{"href":"https:\/\/wuffings.co.uk\/index.php\/wp-json\/wp\/v2\/pages\/31","targetHints":{"allow":["GET"]}}],"collection":[{"href":"https:\/\/wuffings.co.uk\/index.php\/wp-json\/wp\/v2\/pages"}],"about":[{"href":"https:\/\/wuffings.co.uk\/index.php\/wp-json\/wp\/v2\/types\/page"}],"author":[{"embeddable":true,"href":"https:\/\/wuffings.co.uk\/index.php\/wp-json\/wp\/v2\/users\/1"}],"replies":[{"embeddable":true,"href":"https:\/\/wuffings.co.uk\/index.php\/wp-json\/wp\/v2\/comments?post=31"}],"version-history":[{"count":6,"href":"https:\/\/wuffings.co.uk\/index.php\/wp-json\/wp\/v2\/pages\/31\/revisions"}],"predecessor-version":[{"id":2362,"href":"https:\/\/wuffings.co.uk\/index.php\/wp-json\/wp\/v2\/pages\/31\/revisions\/2362"}],"up":[{"embeddable":true,"href":"https:\/\/wuffings.co.uk\/index.php\/wp-json\/wp\/v2\/pages\/21"}],"wp:attachment":[{"href":"https:\/\/wuffings.co.uk\/index.php\/wp-json\/wp\/v2\/media?parent=31"}],"curies":[{"name":"wp","href":"https:\/\/api.w.org\/{rel}","templated":true}]}}