{"id":13,"date":"2014-01-23T16:11:14","date_gmt":"2014-01-23T16:11:14","guid":{"rendered":"http:\/\/wuffings.co.uk\/?page_id=13"},"modified":"2026-04-08T08:25:29","modified_gmt":"2026-04-08T08:25:29","slug":"home","status":"publish","type":"page","link":"https:\/\/wuffings.co.uk\/","title":{"rendered":"Home"},"content":{"rendered":"\n<h6 class=\"wp-block-heading\"><\/h6>\n\n\n\n<h3 class=\"wp-block-heading has-text-align-center\"><mark style=\"background-color:rgba(0, 0, 0, 0);color:#05127b\" class=\"has-inline-color\">Welcome to Dr Sam Newton&#8217;s Wuffings&#8217; Website Website, which aims to provide a focus for the study of Sutton Hoo and the history and culture of the Wuffing Kingdom of East Anglia, <em>Beowulf<\/em>, and beyond.<\/mark><\/h3>\n\n\n\n<p class=\"has-text-align-center\"><em>Header-picture above: <strong>\u00c6t Hr\u00e6dwaldes-Cyninges-Hl\u00e6we<\/strong>, \u2018At R\u00e6dwald\u2019s King\u2019s Barrow\u2019 (\u00a9Dr Sam Newton 2013, 2025).<\/em><\/p>\n\n\n\n<p class=\"has-text-align-center wp-block-heading\">Please scroll down for information about (1) Wuffing Education study-days, study-mornings, and my weekly seminars, (2) available lectures, (3) about me and my works, (4) my books and other publications, and (5) some old but still occasionally useful resources for Wuffing &amp; Sutton Hoo Studies. You might also be interested in my <a href=\"http:\/\/www.youtube.com\/@Samwise110\">YouTube channel<\/a> . I also make occasional Wuffing Education uploads on the Facebook.<\/p>\n\n\n\n<h2 class=\"wp-block-heading has-text-align-center\">1. Study-days, study-mornings, and weekly seminars (live and online) scheduled so far for 2026<\/h2>\n\n\n\n<p class=\"has-text-align-center\"><\/p>\n\n\n\n<h1 class=\"wp-block-heading has-text-align-center\"><a href=\"https:\/\/www.eventbrite.co.uk\/e\/king-lfred-and-the-battle-of-edington-may-878-with-dr-sam-newton-fsa-tickets-1986274669004?aff=oddtdtcreator\" target=\"_blank\" rel=\"noreferrer noopener\">King \u00c6lfred and the Battle of Edington (May 878)<\/a><\/h1>\n\n\n\n<p class=\"has-text-align-center\"><strong><strong>an online study-day with Dr Sam Newton FSA<\/strong><\/strong> <strong>on Friday 8th May 2026<\/strong>.<\/p>\n\n\n<div class=\"wp-block-image\">\n<figure class=\"aligncenter size-full is-resized\"><a href=\"https:\/\/www.eventbrite.co.uk\/e\/king-lfred-and-the-battle-of-edington-may-878-with-dr-sam-newton-fsa-tickets-1986274669004?aff=oddtdtcreator\" target=\"_blank\" rel=\" noreferrer noopener\"><img loading=\"lazy\" decoding=\"async\" width=\"640\" height=\"342\" src=\"http:\/\/wuffings.co.uk\/wp-content\/uploads\/2026\/04\/2002_0914_120919AA-e1775160541240.jpg\" alt=\"\" class=\"wp-image-2476\" style=\"width:684px;height:auto\" srcset=\"https:\/\/wuffings.co.uk\/wp-content\/uploads\/2026\/04\/2002_0914_120919AA-e1775160541240.jpg 640w, https:\/\/wuffings.co.uk\/wp-content\/uploads\/2026\/04\/2002_0914_120919AA-e1775160541240-300x160.jpg 300w\" sizes=\"auto, (max-width: 640px) 100vw, 640px\" \/><\/a><\/figure>\n<\/div>\n\n\n<figure class=\"wp-block-gallery has-nested-images columns-default is-cropped wp-block-gallery-1 is-layout-flex wp-block-gallery-is-layout-flex\"><\/figure>\n\n\n\n<p class=\"has-text-align-center\"><em>Above: The Battle of Ethend\u00fan Memorial Stone (\u00a9Dr Sam Newton, 14th September 2002).<\/em><\/p>\n\n\n\n<p class=\"has-text-align-center\">The <em><em>Anglo-Saxon Chronicle<\/em><\/em> provides a dramatic and near-contemporary narrative of the events of the year 878, one of the great turning points in the history of England. From the Danish surprise attack on Wessex on 6th January and Alfred&#8217;s retreat to his island fortress of Athelney, to his victory at <em><em>E\u00f0and\u00fan<\/em><\/em> (Edington) on or about 6th May and the subsequent baptism of the defeated Danish king around midsummer, we shall explore this narrative and attempt to locate the events to which it refers in the English landscape. We shall also consider the profound consequences of the battle for the history of the English-speaking peoples.<\/p>\n\n\n\n<h2 class=\"wp-block-heading has-text-align-center\"><a href=\"https:\/\/www.eventbrite.co.uk\/e\/the-anglo-saxon-chronicle-monday-morning-online-seminars-early-summer-26-tickets-1986275173513?aff=oddtdtcreator\" target=\"_blank\" rel=\"noreferrer noopener\">Monday morning online seminars exploring the <em>Anglo-Saxon Chronicle<\/em>, Early Summer 2026.<\/a><\/h2>\n\n\n<div class=\"wp-block-image\">\n<figure class=\"aligncenter size-large is-resized\"><a href=\"https:\/\/www.eventbrite.co.uk\/e\/the-anglo-saxon-chronicle-monday-morning-online-seminars-early-summer-26-tickets-1986275173513?aff=oddtdtcreator\"><img loading=\"lazy\" decoding=\"async\" width=\"1024\" height=\"550\" src=\"http:\/\/wuffings.co.uk\/wp-content\/uploads\/2026\/04\/Screenshot-2026-04-02-214428-1024x550.png\" alt=\"\" class=\"wp-image-2483\" style=\"width:884px;height:auto\" srcset=\"https:\/\/wuffings.co.uk\/wp-content\/uploads\/2026\/04\/Screenshot-2026-04-02-214428-1024x550.png 1024w, https:\/\/wuffings.co.uk\/wp-content\/uploads\/2026\/04\/Screenshot-2026-04-02-214428-300x161.png 300w, https:\/\/wuffings.co.uk\/wp-content\/uploads\/2026\/04\/Screenshot-2026-04-02-214428-768x412.png 768w, https:\/\/wuffings.co.uk\/wp-content\/uploads\/2026\/04\/Screenshot-2026-04-02-214428.png 1110w\" sizes=\"auto, (max-width: 1024px) 100vw, 1024px\" \/><\/a><\/figure>\n<\/div>\n\n\n<p class=\"has-text-align-center\"><em>Above: <em>W\u00f3dnesbeorg (Woden\u2019s Barrow), Wiltshire, mentioned in the Anglo-Saxon Chronicle, as shown here, as the site of battle in 592; another battle here is mentioned in the entry for 715 (\u00a9 Dr Sam Newton, 9th October 2008).<\/em><\/em><\/p>\n\n\n\n<p class=\"has-text-align-center\">A series of weekly online Monday morning seminars exploring the <em>Anglo-Saxon Chronicle<\/em>, one of the primary cultural documents of the English-speaking peoples. Its language includes examples of the ancient English medium of alliterative poetry as well as some of the first original compositions in English prose, the linguistic style of which anticipates the language of the King James version of the Bible. Its great narrative scope also provides an Old Testament of English history. related texts, We shall consider closely this wonderful document in the light of Anglo-Saxon art, landscape studies, recent research, and new discoveries. <\/p>\n\n\n\n<p class=\"has-text-align-left\"><strong>Provisional Schedule:<\/strong><\/p>\n\n\n\n<ul class=\"wp-block-list\">\n<li>Monday 27th April 2026<\/li>\n\n\n\n<li>Monday 4th May<\/li>\n\n\n\n<li>Monday 11th May<\/li>\n\n\n\n<li>Monday 18th May<\/li>\n\n\n\n<li>Monday 25th May<\/li>\n\n\n\n<li><\/li>\n\n\n\n<li><\/li>\n\n\n\n<li>Monday 15th June<\/li>\n\n\n\n<li>Monday 22nd June<\/li>\n\n\n\n<li>Monday 29th June<\/li>\n\n\n\n<li>Monday 6th July<\/li>\n\n\n\n<li><\/li>\n<\/ul>\n\n\n\n<p class=\"has-text-align-left\"><strong>For more details and bookings, <a href=\"https:\/\/www.eventbrite.co.uk\/e\/the-anglo-saxon-chronicle-monday-morning-online-seminars-early-summer-26-tickets-1986275173513?aff=oddtdtcreator\">please click here<\/a>.<\/strong><\/p>\n\n\n\n<h2 class=\"wp-block-heading has-text-align-center\"><a href=\"https:\/\/www.eventbrite.co.uk\/e\/beowulf-and-beyond-wednesday-morning-live-seminars-summer-2026-tickets-1986015082574?aff=oddtdtcreator\" target=\"_blank\" rel=\"noreferrer noopener\">Wednesday Morning Live Seminars on Sutton Hoo and <em>Beowulf<\/em> Studies Early Summer 2026.<\/a><\/h2>\n\n\n<div class=\"wp-block-image\">\n<figure class=\"aligncenter size-large\"><a href=\"https:\/\/www.eventbrite.co.uk\/e\/beowulf-and-beyond-wednesday-morning-live-seminars-summer-2026-tickets-1986015082574?aff=oddtdtcreator\" target=\"_blank\" rel=\" noreferrer noopener\"><img loading=\"lazy\" decoding=\"async\" width=\"1024\" height=\"364\" src=\"http:\/\/wuffings.co.uk\/wp-content\/uploads\/2025\/07\/25-07-04-Beowulf-Book-Cover-\u00a9Michael-Leonard-1970-scaled-e1753713252773-1024x364.jpg\" alt=\"\" class=\"wp-image-2348\" srcset=\"https:\/\/wuffings.co.uk\/wp-content\/uploads\/2025\/07\/25-07-04-Beowulf-Book-Cover-\u00a9Michael-Leonard-1970-scaled-e1753713252773-1024x364.jpg 1024w, https:\/\/wuffings.co.uk\/wp-content\/uploads\/2025\/07\/25-07-04-Beowulf-Book-Cover-\u00a9Michael-Leonard-1970-scaled-e1753713252773-300x107.jpg 300w, https:\/\/wuffings.co.uk\/wp-content\/uploads\/2025\/07\/25-07-04-Beowulf-Book-Cover-\u00a9Michael-Leonard-1970-scaled-e1753713252773-768x273.jpg 768w, https:\/\/wuffings.co.uk\/wp-content\/uploads\/2025\/07\/25-07-04-Beowulf-Book-Cover-\u00a9Michael-Leonard-1970-scaled-e1753713252773-1536x546.jpg 1536w, https:\/\/wuffings.co.uk\/wp-content\/uploads\/2025\/07\/25-07-04-Beowulf-Book-Cover-\u00a9Michael-Leonard-1970-scaled-e1753713252773-2048x728.jpg 2048w\" sizes=\"auto, (max-width: 1024px) 100vw, 1024px\" \/><\/a><\/figure>\n<\/div>\n\n\n<h6 class=\"wp-block-heading has-text-align-center\"><em>Above:&nbsp;detail from the book-cover created by artist Michael Leonard for the translation of Beowulf by David Wright (Panther 1970) (\u00a9with kind permission of the Estate of the late Michael Leonard).<\/em><\/h6>\n\n\n\n<p><\/p>\n\n\n\n<p class=\"has-text-align-center\">An ongoing seminar-series Live on Wednesday mornings exploring the great Old English poem <em>Beowulf<\/em>, one of the primary cultural documents from the early history of the English-speaking peoples.&nbsp; We shall consider it closely, along with related texts, languages, landscapes, history, archaeology, and art, attempting thus to chart something of the forgotten soundscapes of the \u201cGolden Age\u201d associated with the Sutton Hoo ship-burial.<\/p>\n\n\n\n<p class=\"has-text-align-left\"><strong>Provisional Schedule:<\/strong><\/p>\n\n\n\n<ul class=\"wp-block-list\">\n<li>Wednesday 29th April<\/li>\n\n\n\n<li>Wednesday 6th May<\/li>\n\n\n\n<li>Wednesday 13th May<\/li>\n\n\n\n<li>Wednesday 20th May (St \u00c6thelbert&#8217;s Day)<\/li>\n\n\n\n<li><\/li>\n\n\n\n<li><\/li>\n\n\n\n<li>Wednesday 10th June<\/li>\n\n\n\n<li>Wednesday 17th June (St Botolph&#8217;s Day)<\/li>\n\n\n\n<li>Wednesday 24th June<\/li>\n\n\n\n<li>Wednesday 1st July<\/li>\n\n\n\n<li>Wednesday 8th July<\/li>\n\n\n\n<li><\/li>\n<\/ul>\n\n\n\n<p class=\"has-text-align-left\"><strong> For more details and bookings, <a href=\"https:\/\/www.eventbrite.co.uk\/e\/beowulf-and-beyond-wednesday-morning-live-seminars-summer-2026-tickets-1986015082574?aff=oddtdtcreator\">please click here<\/a>.<\/strong><\/p>\n\n\n\n<h3 class=\"wp-block-heading has-text-align-center\"><strong>&#8211; <u>please note that these&nbsp;events are not recorded<\/u> &#8211;<\/strong><\/h3>\n\n\n\n<h2 class=\"wp-block-heading has-text-align-center\">&nbsp;&#8211; click <a href=\"https:\/\/www.eventbrite.co.uk\/o\/wuffing-education-31003641875\"><strong>here<\/strong><\/a> for the full programme of Wuffing Education Events on Eventbrite &#8211;<\/h2>\n\n\n\n<h2 class=\"wp-block-heading has-text-align-center\">Also on Dr Sam Newton&#8217;s Wuffings&#8217; Website:<\/h2>\n\n\n\n<h3 class=\"wp-block-heading has-text-align-center\">2. <strong>If you wish to book me to deliver a lecture or study-day, <a title=\"Available Lectures\" href=\"http:\/\/wuffings.co.uk\/index.php\/available-lectures\/\">click here for a selection of titles.<\/a><\/strong><\/h3>\n\n\n\n<h3 class=\"wp-block-heading has-text-align-center\">3. <strong><a title=\"About Me\" href=\"http:\/\/wuffings.co.uk\/index.php\/about-me\/\">About Me and My Works<\/a><\/strong><\/h3>\n\n\n\n<h3 class=\"wp-block-heading has-text-align-center\">4. <strong>My Books:&nbsp;<\/strong><\/h3>\n\n\n\n<h3 class=\"wp-block-heading has-text-align-center\"><a title=\"The Origins of Beowulf and the pre-Viking Kingdom of East Anglia\" href=\"http:\/\/wuffings.co.uk\/index.php\/about-me\/the-origins-of-beowulf-and-the-pre-viking-kingdom-of-east-anglia\/\">1. The Origins of <em>Beowulf<\/em> and the pre-Viking Kingdom of East Anglia (1993)<\/a><\/h3>\n\n\n\n<h3 class=\"wp-block-heading has-text-align-center\"><strong><a title=\"The Reckoning of King R\u00e6dwald\" href=\"http:\/\/wuffings.co.uk\/index.php\/about-me\/the-reckoning-of-king-raedwald\/\">2. The Reckoning of King R\u00e6dwald (2003)<\/a><\/strong><\/h3>\n\n\n\n<h3 class=\"wp-block-heading has-text-align-center\">My more recently published papers, such as &#8220;<a href=\"https:\/\/www.academia.edu\/31792734\/The_Forgotten_History_of_St_B%C3%B3twulf_Botolph_2017_\">The Forgotten History of St B\u00f3twulf (Botolph)<\/a>&#8221; (2016), can be downloaded from my page on <a href=\"https:\/\/independent.academia.edu\/SamNewton\">Academia.<\/a><\/h3>\n\n\n\n<details class=\"wp-block-details is-layout-flow wp-block-details-is-layout-flow\"><summary><\/summary>\n<div class=\"wp-block-columns is-layout-flex wp-container-core-columns-is-layout-9d6595d7 wp-block-columns-is-layout-flex\">\n<div class=\"wp-block-column is-layout-flow wp-block-column-is-layout-flow\" style=\"flex-basis:100%\"><\/div>\n<\/div>\n<\/details>\n\n\n\n<p class=\"has-text-align-center\"><\/p>\n\n\n\n<h3 class=\"wp-block-heading has-text-align-center\">5. <strong>Resources for Wuffing Studies:<\/strong><\/h3>\n\n\n\n<p class=\"has-text-align-left\">       <a title=\"Wuffing\u2019s Who was Who\" href=\"http:\/\/wuffings.co.uk\/index.php\/wuffings-who-was-who\/\">Wuffings&#8217; Who Was Who<\/a> (genealogical &amp; historical information)<\/p>\n\n\n\n<p class=\"has-text-align-left\">       <a title=\"Sutton Hoo: Burial-Ground of the Wuffings\" href=\"http:\/\/wuffings.co.uk\/index.php\/wuffing-resources\/sutton-hoo-burial-ground-of-the-wuffings\/\">Sutton Hoo: Burial-Ground of the Wuffings<\/a> (some of the wonders of the royal ship-burial)<\/p>\n\n\n\n<p class=\"has-text-align-left\">       Wuffing and Related Places of Interest (sites where the Wuffings walked; and more) &#8211; work in progress<\/p>\n\n\n\n<p class=\"has-text-align-left\">       <a title=\"In Defence of the Wuffings\" href=\"http:\/\/wuffings.co.uk\/index.php\/wuffing-resources\/in-defence-of-the-wuffings\/\">In Defence of the Wuffings<\/a> (Book Review) &#8211; my response to some of Professor Martin Carver&#8217;s theories about Sutton Hoo and the kings of East Anglia.<\/p>\n\n\n\n<p><a href=\"https:\/\/www.academia.edu\/24535583\/Sutton_Hoo_Burial_Ground_of_Dissidents_2016_\">Sutton Hoo: Burial-Ground of Dissidents? <\/a>&#8211; further thoughts on Professor Martin Carver&#8217;s theories about Sutton Hoo.<\/p>\n\n\n\n<p class=\"has-text-align-left\">       <a title=\"THE OLD ENGLISH CALENDAR\" href=\"http:\/\/wuffings.co.uk\/index.php\/wuffing-resources\/the-old-english-calendar\/\">The Old English Calendar<\/a><\/p>\n\n\n\n<p class=\"has-text-align-left\">       <a title=\"Recommended reading lists for Wuffing Studies\" href=\"http:\/\/wuffings.co.uk\/index.php\/wuffing-resources\/recommended-reading-lists-for-wuffing-studies\/\">Some Wuffing Studies&#8217; reading lists<\/a><\/p>\n\n\n\n<p class=\"has-text-align-left\">       <a title=\"Links\" href=\"http:\/\/wuffings.co.uk\/index.php\/wuffing-resources\/links\/\">Some Old Links to related Websites<\/a><\/p>\n\n\n\n<p>       <a title=\"Acknowledgements\" href=\"http:\/\/wuffings.co.uk\/index.php\/wuffing-resources\/acknowledgements\/\">Acknowledgements<\/a><\/p>\n\n\n\n<h4 class=\"wp-block-heading has-text-align-center\"><\/h4>\n\n\n\n<p class=\"has-text-align-center\"><\/p>\n\n\n<div class=\"wp-block-image\">\n<figure class=\"aligncenter size-full is-resized\"><a href=\"http:\/\/wuffings.co.uk\/wp-content\/uploads\/2025\/07\/25-07-01-SH-WE-Logo-\u00a9Dr-Sam-Newton-2013-2025-e1752747311275.jpg\"><img loading=\"lazy\" decoding=\"async\" width=\"763\" height=\"672\" src=\"http:\/\/wuffings.co.uk\/wp-content\/uploads\/2025\/07\/25-07-01-SH-WE-Logo-\u00a9Dr-Sam-Newton-2013-2025-e1752747311275.jpg\" alt=\"\" class=\"wp-image-2326\" style=\"width:616px;height:auto\"\/><\/a><\/figure>\n<\/div>\n\n<div class=\"wp-block-image\">\n<figure class=\"aligncenter\"><img decoding=\"async\" src=\"http:\/\/wuffings.co.uk\/wp-content\/uploads\/2024\/08\/Runic-Header.jpg\" alt=\"\"\/><\/figure>\n<\/div>\n\n\n<p class=\"has-text-align-center\"><\/p>\n\n\n\n<h2 class=\"wp-block-heading\"><\/h2>\n\n\n\n<div class=\"wp-block-columns is-layout-flex wp-container-core-columns-is-layout-9d6595d7 wp-block-columns-is-layout-flex\">\n<div class=\"wp-block-column is-layout-flow wp-block-column-is-layout-flow\"><\/div>\n<\/div>\n\n\n","protected":false},"excerpt":{"rendered":"<p>Welcome to Dr Sam Newton&#8217;s Wuffings&#8217; Website Website, which aims to provide a focus for the study of Sutton Hoo and the history and culture of the Wuffing Kingdom of East Anglia, Beowulf, and beyond. Header-picture above: \u00c6t Hr\u00e6dwaldes-Cyninges-Hl\u00e6we, \u2018At <span class=\"excerpt-dots\">&hellip;<\/span> <a class=\"more-link\" href=\"https:\/\/wuffings.co.uk\/\"><span class=\"more-msg\">Continue reading &rarr;<\/span><\/a><\/p>\n","protected":false},"author":1,"featured_media":0,"parent":0,"menu_order":0,"comment_status":"closed","ping_status":"closed","template":"","meta":{"footnotes":""},"class_list":["post-13","page","type-page","status-publish","hentry"],"_links":{"self":[{"href":"https:\/\/wuffings.co.uk\/index.php\/wp-json\/wp\/v2\/pages\/13","targetHints":{"allow":["GET"]}}],"collection":[{"href":"https:\/\/wuffings.co.uk\/index.php\/wp-json\/wp\/v2\/pages"}],"about":[{"href":"https:\/\/wuffings.co.uk\/index.php\/wp-json\/wp\/v2\/types\/page"}],"author":[{"embeddable":true,"href":"https:\/\/wuffings.co.uk\/index.php\/wp-json\/wp\/v2\/users\/1"}],"replies":[{"embeddable":true,"href":"https:\/\/wuffings.co.uk\/index.php\/wp-json\/wp\/v2\/comments?post=13"}],"version-history":[{"count":41,"href":"https:\/\/wuffings.co.uk\/index.php\/wp-json\/wp\/v2\/pages\/13\/revisions"}],"predecessor-version":[{"id":2512,"href":"https:\/\/wuffings.co.uk\/index.php\/wp-json\/wp\/v2\/pages\/13\/revisions\/2512"}],"wp:attachment":[{"href":"https:\/\/wuffings.co.uk\/index.php\/wp-json\/wp\/v2\/media?parent=13"}],"curies":[{"name":"wp","href":"https:\/\/api.w.org\/{rel}","templated":true}]}}